 37 + -45. Let d = b + 13. Suppose 4*o - d*o = -14. What is the greatest common factor of 7 and o?
7
Suppose 4*q - 74 - 30 = -3*x, 4*x + 2*q - 132 = 0. What is the highest common factor of x and 2528?
32
Let n = 99 - 15. Let c = 13493 + -13297. What is the highest common factor of c and n?
28
Let s be 568/5 + 8*7/140. Suppose -9*l - s = -8*l. Let f = l - -119. Calculate the highest common divisor of f and 2.
1
Suppose -34*u = -29*u - 10. Suppose -28 = -u*q + 3*a + a, 1 = 2*q + 5*a. What is the highest common divisor of 56 and q?
8
Let g = 9819 - 9198. Calculate the greatest common divisor of g and 54.
27
Suppose 72 = 4*z - z. Suppose 2*d = -7*i + 4*i + 324, 618 = 6*i - d. What is the greatest common divisor of i and z?
8
Let o be 12/9 - (-202)/6. Let y be (3/(-4) - -1) + 344652/1232. What is the greatest common factor of o and y?
35
Let l be -5*(3 - 12/30). Let k(u) = 6*u + 82. Let y be k(l). Calculate the highest common factor of y and 116.
4
Suppose 4*z + 5*v - 5099 = 23402, -21332 = -3*z + 5*v. What is the highest common divisor of z and 63?
63
Let f(l) = -l**3 + 3*l**2 + 2*l + 12. Let n be f(4). Let s be 52/1*((5 - n) + 3). Calculate the highest common divisor of s and 64.
16
Let s = 2448 + -2408. Calculate the greatest common divisor of s and 190.
10
Let w = -3000 + 3972. Calculate the greatest common factor of w and 8.
4
Let q = -876 + 1911. Calculate the highest common factor of 45 and q.
45
Let b(s) = 75*s**2 - 165*s - 994. Let i be b(-6). What is the greatest common factor of 8 and i?
8
Let t(n) = 11*n**2 + 4*n - 17. Let i be t(3). Let o be 6*2*(-470)/(-40). What is the greatest common divisor of o and i?
47
Let j be (-99)/(-12) - (-2)/(-8). Suppose -19565 = -188*n - 13. What is the highest common factor of j and n?
8
Let r be (-2)/13 - 13/((-169)/158). Suppose -7*q - 115 = -r*q. What is the greatest common factor of q and 115?
23
Suppose -8421 - 15499 = -23*z - 8579. What is the greatest common factor of 69 and z?
23
Let p(m) = 13*m + 50. Let y(u) = -5*u - 17. Let o(k) = -4*p(k) - 11*y(k). Let c be o(7). Calculate the greatest common divisor of c and 4.
4
Let m = 1 + 2. Suppose m*o - 192 = 4*v, -5*o + 2*v = -3*v - 325. Let x be 152/(-760) + 4 + 4*982/40. What is the greatest common factor of x and o?
34
Let s = -81 + 127. Let q = s + 467. Calculate the greatest common factor of q and 27.
27
Let b(w) = -w**3 + 106*w**2 + w - 86. Let c be b(106). Calculate the greatest common factor of 23010 and c.
10
Suppose 0 = -2*y + 14*y - 72. Suppose -19*t = -y*t - 1716. Calculate the highest common divisor of t and 12.
12
Let z(r) = -2411*r - 19198. Let g be z(-8). Let y(n) = -8*n + 6. Let s be y(-6). Calculate the greatest common divisor of g and s.
18
Let u(k) = 7*k**2 + 2*k - 19. Let r be u(-7). Suppose 50 = -2*a + r. Suppose 0 = -3*i + a + 50. Calculate the greatest common factor of i and 24.
12
Suppose 53*c + 275 - 10 = 0. Let m(x) = 9 + 6*x**2 + 3*x + x - x**3 + 2*x**3. Let i be m(c). What is the greatest common factor of i and 126?
14
Suppose 0 = -2*d + 2 - 110. Let t = -37 - d. What is the highest common divisor of t and 187?
17
Let u be (1416/(-1))/(-2) + (-5 - (9 + -8)). Calculate the greatest common divisor of 378 and u.
54
Let u be (4318/20)/(43/172) + 12/30. Calculate the highest common divisor of 459 and u.
27
Suppose 55 = -4*g - 1. Let u(m) = -7*m - 71. Let w be u(g). What is the highest common factor of 27 and w?
27
Let s be (-20)/75*3*(-257 - 3). Suppose -35*m = -31*m - s. What is the highest common divisor of 468 and m?
52
Suppose 5*m = 224*r - 225*r + 135, -5*m - 285 = -3*r. What is the highest common factor of 915 and r?
15
Let q be 15*8*(-4 + 27/6). Let x = -77 + 69. Let v(i) = 2*i + 40. Let h be v(x). What is the greatest common factor of h and q?
12
Suppose s + 0*i + 4*i - 352 = 0, -s = 5*i - 354. Calculate the greatest common factor of s and 989.
43
Let y(s) = -351*s - 5155. Let h be y(-15). Calculate the highest common factor of 1474 and h.
22
Suppose 5*x = 3*k - 13 + 17, 3*x = -k + 8. Suppose -16 = -4*s - 5*t, 3*t - k*t - 14 = -2*s. What is the greatest common divisor of s and 153?
9
Suppose -2*u + 4 = -o, -3*o - 4 = 5*u - 14. Suppose 0 = -2*k - 5*p + 55, 0 = 4*k - u*p - 20 - 126. What is the highest common divisor of k and 5?
5
Let k = -2641 - -2664. Let u = 433 + -222. Suppose -631 = -3*s - 5*m, -5*s + u = -m - 822. What is the highest common divisor of s and k?
23
Let h(p) = -p**2 - 10*p - 5. Let d be h(-9). Suppose -4*q + 0*q - 60 = -d*b, -53 = -4*b - 3*q. What is the highest common divisor of b and 35?
7
Suppose 0 = -2*f + 5*f - 5*j - 98, 112 = 4*f - 2*j. Let a be 1 - 3 - (-179 - 44). Calculate the highest common divisor of a and f.
13
Suppose 5*j = 11*f - 15*f - 1165, -2*f = -5*j - 1135. Let t = 243 + j. What is the highest common factor of t and 154?
14
Let a = -749 + 994. Calculate the greatest common factor of a and 280.
35
Let o = -12463 - -12907. Calculate the greatest common factor of o and 3700.
148
Suppose -143 = -4*x - 2*b + 117, 3*x = -4*b + 195. Suppose 0 = 17*o - 14*o - 45. Calculate the greatest common factor of x and o.
5
Let d = 269 + -71. Suppose 4*h = 4*z + 22 - 2, 2*h - 10 = 5*z. Suppose 4*t + 240 - 328 = z. What is the greatest common factor of t and d?
22
Suppose -4*n + 4 = -4*w, -3*n - 4*w + w = 9. Let s be 2/n*1 - -24. Let b = -3371 + 3481. Calculate the highest common factor of s and b.
22
Suppose 2*g = -14, 5*f - 2*g - 13 - 76 = 0. Calculate the greatest common divisor of f and 2265.
15
Suppose -4*l + 30 = 5*n + 14, -l - 5 = -n. Suppose 255 = 4*u - r, u = -n*u + 4*r + 327. Calculate the greatest common factor of u and 18.
9
Suppose 20*f + 11080 = 30*f. Suppose -7*d + f = -89. Calculate the highest common factor of 38 and d.
19
Suppose 82203 = 7*o + 4363. What is the greatest common divisor of o and 240?
80
Let u(k) = k + 418. Let b be u(-181). Calculate the highest common divisor of b and 3713.
79
Suppose 5*v + 0*v - 2340 = 0. Let o be (45/6 - 20/(-40)) + 28. What is the highest common divisor of v and o?
36
Suppose 122*a - 341*a = -1388 - 4306. Calculate the highest common divisor of 13507 and a.
13
Let x(y) = 17*y - 309. Let h be x(22). What is the greatest common factor of h and 2080?
65
Let p = -34822 - -39782. Calculate the greatest common divisor of 90 and p.
10
Let i = -369 + 365. Let h(b) = -12*b + 60. Let y be h(i). Calculate the highest common divisor of 54 and y.
54
Suppose 15 = 5*r, g - 3*r - 526 = -0*g. Suppose -d + l = -g, -2*d - 4*l + 510 = -d. Calculate the highest common divisor of 10 and d.
10
Let r = 401 - 408. Let p be 6/(-3) - 7*14/r. What is the highest common factor of p and 492?
12
Let u be (-15)/4*(-23)/(414/24). Suppose -151*x - 645 = -154*x. Calculate the highest common factor of u and x.
5
Suppose -5*z + 497 + 1813 = 0. Let y = 108 + -66. Calculate the greatest common divisor of z and y.
42
Suppose 0 = -4*r - 3*s + 24909, -3*r = 3*s - 14445 - 4236. What is the highest common factor of 54 and r?
18
Suppose -81 = 18*f - 14*f - 1181. What is the highest common factor of f and 1550?
25
Suppose 3*m - 27 = 438. Suppose 4*q - 5*c - 357 = -0*c, 3*c = -4*q + 381. Calculate the highest common divisor of m and q.
31
Suppose 21*g = 29*g - 96. Let w = 2 + -6. Let y be ((-2)/w)/((-3)/(-792)). Calculate the greatest common factor of g and y.
12
Suppose 13*u = 5*u + 304. Suppose -u*x = -80*x + 14784. What is the highest common divisor of x and 11?
11
Suppose 4*l - 4*r + 7 - 3 = 0, -3*r + 15 = 3*l. Suppose -5*o - 3*f + 5*f = -835, l*o - 5*f - 313 = 0. What is the highest common factor of o and 13?
13
Suppose 98*o - 96*o = 5066. Calculate the greatest common divisor of o and 298.
149
Let q(a) = a - 53. Let s be q(11). Let t be (-35 - s)*(24/(-14))/(-1). What is the highest common divisor of t and 768?
12
Suppose -3730 = -34*i - 2030. Calculate the highest common factor of i and 46850.
50
Suppose 309 - 69 = 5*n. Let v be 432/264 - (-11340)/330. What is the greatest common divisor of v and n?
12
Let a(l) = 8*l**2 - 2*l + 1. Let h be a(-3). Let o = 42 - 73. Let g = o + h. Calculate the greatest common divisor of 192 and g.
48
Suppose 3*i + 10 = 4, -y + 3*i + 10 = 0. Calculate the highest common divisor of 189 and y.
1
Suppose 81*g - 22622 = 23953. Calculate the greatest common fa